0?
2, 3, 5
What are the prime factors of 45775?
5, 1831
List the prime factors of 1875.
3, 5
What are the prime factors of 1477?
7, 211
What are the prime factors of 1232?
2, 7, 11
What are the prime factors of 21956?
2, 11, 499
List the prime factors of 290.
2, 5, 29
List the prime factors of 5325.
3, 5, 71
List the prime factors of 16774.
2, 8387
What are the prime factors of 130924?
2, 71, 461
What are the prime factors of 17436?
2, 3, 1453
What are the prime factors of 2833?
2833
List the prime factors of 19981.
13, 29, 53
List the prime factors of 2754.
2, 3, 17
What are the prime factors of 16246?
2, 8123
List the prime factors of 105465.
3, 5, 79, 89
What are the prime factors of 886?
2, 443
List the prime factors of 75075.
3, 5, 7, 11, 13
List the prime factors of 1447.
1447
What are the prime factors of 3237?
3, 13, 83
What are the prime factors of 2354?
2, 11, 107
What are the prime factors of 15015?
3, 5, 7, 11, 13
List the prime factors of 17403.
3, 5801
What are the prime factors of 194?
2, 97
List the prime factors of 2068.
2, 11, 47
List the prime factors of 103893.
3, 34631
List the prime factors of 724.
2, 181
What are the prime factors of 5510?
2, 5, 19, 29
What are the prime factors of 751?
751
What are the prime factors of 2434?
2, 1217
What are the prime factors of 460?
2, 5, 23
List the prime factors of 39973.
71, 563
List the prime factors of 103283.
179, 577
What are the prime factors of 2991?
3, 997
What are the prime factors of 53457?
3, 103, 173
List the prime factors of 39044.
2, 43, 227
List the prime factors of 5795.
5, 19, 61
What are the prime factors of 69342?
2, 3, 7, 13, 127
List the prime factors of 105.
3, 5, 7
List the prime factors of 35910.
2, 3, 5, 7, 19
What are the prime factors of 515?
5, 103
List the prime factors of 139.
139
What are the prime factors of 243?
3
What are the prime factors of 23411?
41, 571
List the prime factors of 42698.
2, 37, 577
What are the prime factors of 965?
5, 193
What are the prime factors of 976?
2, 61
List the prime factors of 129258.
2, 3, 43, 167
What are the prime factors of 1799?
7, 257
List the prime factors of 11865.
3, 5, 7, 113
What are the prime factors of 311?
311
What are the prime factors of 14177?
14177
What are the prime factors of 450?
2, 3, 5
List the prime factors of 83725.
5, 17, 197
What are the prime factors of 148378?
2, 74189
List the prime factors of 121935.
3, 5, 11, 739
List the prime factors of 1533.
3, 7, 73
List the prime factors of 8671.
13, 23, 29
What are the prime factors of 13170?
2, 3, 5, 439
What are the prime factors of 1036?
2, 7, 37
List the prime factors of 805.
5, 7, 23
List the prime factors of 49052.
2, 12263
What are the prime factors of 33499?
139, 241
What are the prime factors of 2594?
2, 1297
List the prime factors of 1140.
2, 3, 5, 19
List the prime factors of 192.
2, 3
What are the prime factors of 969?
3, 17, 19
What are the prime factors of 52641?
3, 5849
List the prime factors of 114440.
2, 5, 2861
List the prime factors of 59395.
5, 7, 1697
List the prime factors of 9534.
2, 3, 7, 227
List the prime factors of 4087.
61, 67
List the prime factors of 1426.
2, 23, 31
List the prime factors of 9102.
2, 3, 37, 41
What are the prime factors of 5370?
2, 3, 5, 179
List the prime factors of 3244.
2, 811
List the prime factors of 2913.
3, 971
What are the prime factors of 53923?
53923
What are the prime factors of 9606?
2, 3, 1601
List the prime factors of 29326.
2, 11, 31, 43
What are the prime factors of 3632?
2, 227
List the prime factors of 1021.
1021
What are the prime factors of 6119?
29, 211
List the prime factors of 113.
113
List the prime factors of 1141.
7, 163
List the prime factors of 18367.
18367
What are the prime factors of 33050?
2, 5, 661
What are the prime factors of 101?
101
What are the prime factors of 46252?
2, 31, 373
List the prime factors of 36347.
19, 1913
What are the prime factors of 18670?
2, 5, 1867
List the prime factors of 1021.
1021
What are the prime factors of 3423?
3, 7, 163
What are the prime factors of 14033?
14033
What are the prime factors of 136762?
2, 19, 59, 61
List the prime factors of 31900.
2, 5, 11, 29
What are the prime factors of 916?
2, 229
What are the prime factors of 74192?
2, 4637
List the prime factors of 4423.
4423
What are the prime factors of 2902?
2, 1451
List the prime factors of 15259.
15259
List the prime factors of 578.
2, 17
List the prime factors of 1431.
3, 53
List the prime factors of 1009.
1009
List the prime factors of 93.
3, 31
List the prime factors of 34159.
34159
What are the prime factors of 610?
2, 5, 61
What are the prime factors of 36731?
23, 1597
What are the prime factors of 3027?
3, 1009
List the prime factors of 2171.
13, 167
What are the prime factors of 5925?
3, 5, 79
What are the prime factors of 579?
3, 193
What are the prime factors of 3213?
3, 7, 17
List the prime factors of 58857.
3, 23, 853
List the prime factors of 8028.
2, 3, 223
List the prime factors of 708.
2, 3, 59
List the prime factors of 5263.
19, 277
What are the prime factors of 6848?
2, 107
What are the prime factors of 1059?
3, 353
What are the prime factors of 328?
2, 41
List the prime factors of 77160.
2, 3, 5, 643
What are the prime factors of 362?
2, 181
List the prime factors of 1284.
2, 3, 107
What are the prime factors of 27178?
2, 107, 127
List the prime factors of 21162.
2, 3, 3527
What are the prime factors of 1738?
2, 11, 79
What are the prime factors of 1273?
19, 67
List the prime factors of 3425.
5, 137
What are the prime factors of 1855?
5, 7, 53
List the prime factors of 4946.
2, 2473
List the prime factors of 643.
643
What are the prime factors of 67730?
2, 5, 13, 521
List the prime factors of 2604.
2, 3, 7, 31
List the prime factors of 720.
2, 3, 5
List the prime factors of 2541.
3, 7, 11
What are the prime factors of 50604?
2, 3, 4217
What are the prime factors of 23460?
2, 3, 5, 17, 23
What are the prime factors of 8763?
3, 23, 127
List the prime factors of 557.
557
List the prime factors of 32674.
2, 17, 31
List the prime factors of 35674.
2, 17837
List the prime factors of 14947.
14947
What are the prime factors of 87?
3, 29
What are the prime factors of 1502?
2, 751
List the prime factors of 1943.
29, 67
List the prime factors of 26338.
2, 13, 1013
List the prime factors of 28301.
7, 13, 311
List the prime factors of 29628.
2, 3, 823
List the prime factors of 111062.
2, 7, 7933
What are the prime factors of 61993?
47, 1319
List the prime factors of 36414.
2, 3, 7, 17
What are the prime factors of 4664?
2, 11, 53
What are the prime factors of 65712?
2, 3, 37
List the prime factors of 1346.
2, 673
What are the prime factors of 38675?
5, 7, 13, 17
List the prime factors of 23025.
3, 5, 307
List the prime factors of 54031.
71, 761
List the prime factors of 101.
101
List the prime factors of 3683.
29, 127
List the prime factors of 9060.
2, 3, 5, 151
What are the prime factors of 1412?
2, 353
What are the prime factors of 2993?
41, 73
What are the prime factors of 140698?
2, 103, 683
What are the prime factors of 447?
3, 149
What are the prime factors of 87795?
3, 5, 1951
What are the prime factors of 3210?
2, 3, 5, 107
What are the prime factors of 17211?
3, 5737
What are the prime factors of 10539?
3, 1171
List the prime factors of 53172.
2, 3, 7, 211
What are the prime factors of 213?
3, 71
List the prime factors of 15801.
3, 23, 229
What are the prime factors of 66477?
3, 22159
List the prime factors of 275.
5, 11
What are the prime factors of 409?
409
List the prime factors of 720.
2, 3, 5
What are the prime factors of 25072?
2, 1567
What are the prime factors of 7225?
5, 17
List the prime factors of 2219.
7, 317
What are the prime factors of 1657?
1657
List the prime factors of 21619.
13, 1663
List the prime factors of 16109.
89, 181
List the prime factors of 13037.
13037
List the prime factors of 112530.
2, 3, 5, 11, 31
List the prime factors of 9760.
2, 5, 61
List the prime factors of 53850.
2, 3, 5, 359
What are the prime factors of 19587?
3, 6529
List the prime factors of 19609.
19609
What are the prime factors of 447?
3, 149
What are the prime factors of 4112?
2, 257
What are the prime factors of 483?
3, 7, 23
List the prime factors of 11849.
17,